e
Let q = 14 - 12. Let n(r) = r + 5. Let i be n(-5). Suppose i = -g - 4*z + q, 0 = -2*g - 4*z + 18 - 2. Is g prime?
False
Suppose 0*d + 5*d - 5*x = 55, -5*d + 2*x + 46 = 0. Let i(g) = -g**2 + 7*g + 7. Let l be i(d). Is 47 + ((-2)/l - 2) a composite number?
False
Let o = -2 - -7. Suppose -q - 4*t - 4 = -19, 0 = -q + o*t - 12. Suppose 109 = q*z - v, -3*z + 4*v + 105 = v. Is z a prime number?
True
Is 6/(-9) - 4772/(-12) a composite number?
False
Is 410 + -2 + 7 + -4 a composite number?
True
Let s(h) = 5*h**2 + 13*h - 8. Let t be s(9). Suppose t = 5*i - 231. Is i a prime number?
True
Suppose -4*b - 5*x = 84 + 29, -5*x = 25. Let u = b + 201. Is u a composite number?
False
Suppose k - 5*k + 776 = 0. Is k a composite number?
True
Let q(b) = b**3 + 4*b**2 + 2*b - 1. Let k be q(-3). Suppose 2*l - 44 = -k*l. Suppose -4*x + x + 3*v + 9 = 0, -l = -3*x + v. Is x a composite number?
True
Is (2/(48/(-474)))/(1/(-20)) composite?
True
Suppose -k - 2*h = -415, -k - 5*h + 0*h + 418 = 0. Is k prime?
False
Suppose -3*i + 29 = c - 39, 74 = 4*i - 2*c. Suppose 0 = -l + i + 37. Is l prime?
False
Suppose -5*g - l + 3 + 25 = 0, 2*g + 5 = 5*l. Let t(o) = o - 1. Let v be t(g). Suppose -3 = s, -3*w + 103 = v*s - 122. Is w prime?
True
Let s = -2784 - -3935. Is s composite?
False
Is 1/(-12)*-4*921 prime?
True
Suppose -125 - 38 = -b. Is b prime?
True
Let q(u) = 14*u**3 + 2*u**2 - 11*u + 12. Is q(7) prime?
False
Suppose 9*k = 4*k + 1435. Is k prime?
False
Let r(a) = -a**2 - a + 2. Let d(y) = -3*y + 1. Let q be d(1). Let g be r(q). Suppose -2*i + 47 = -g*i - 5*k, -i + 16 = -5*k. Is i composite?
False
Suppose 30 = -2*o - o. Let s = -7 - o. Let f(q) = 11*q**2 - 3*q - 1. Is f(s) composite?
False
Let t = 6 + -5. Suppose 4 = 3*m + t. Is m/3 + 62/3 a prime number?
False
Let a = 101 + 64. Suppose -4*v = v - a. Is v composite?
True
Let g be 3/(5 - 2) - 2356. Is (g/(-12))/5*4 a composite number?
False
Let y = 6332 + -4509. Is y prime?
True
Suppose 0 = -j - j + 3*x + 5113, 0 = 4*j - 2*x - 10238. Is j a prime number?
False
Let h be 0/(-1 - -2) + 4. Suppose h*m = -m + 10. Suppose -6*n + 3*n = m*i - 35, -2*i = -5*n + 69. Is n a composite number?
False
Let i = 472 - 163. Let p = i - 194. Is p a prime number?
False
Let u(t) = -66*t + 13. Is u(-3) composite?
False
Suppose -5*d + 1318 = -4*s - 11271, -2*d = -3*s - 5037. Is d composite?
True
Let i = 84 + -35. Is i composite?
True
Suppose 0 = 10*t - 16*t + 870. Is t a prime number?
False
Let x(g) = 2*g - 4. Let c be x(4). Let z(l) = -l**3 + 4*l**2 + l - 2. Let r be z(c). Suppose -4*y + r*y = -38. Is y prime?
True
Suppose 0 = -n + 3*f + 874, 4*n - 2734 = -5*f + 711. Is n a composite number?
True
Suppose 28 = -i + 3*i. Let l be 52/i + 6/21. Suppose 27 = -3*n + l*n + 5*u, -3*u + 142 = 4*n. Is n prime?
True
Is 3 + (-15)/6 - (-30365)/10 prime?
True
Suppose -4*h = -a + 36, a + 4*h + 0*h = 4. Let o be (-1)/(a/(-6) - -3). Suppose 2*z + 4*r - 3*r - 9 = 0, r = o*z - 6. Is z a composite number?
False
Let b be 67 - (4/(-5))/(12/30). Let x be 33/7 + (-4)/(-14). Suppose -674 = -x*i - b. Is i a composite number?
True
Let q be (-4)/(-6)*(-5 + 8). Suppose -q*l = -l + 2. Is l/(-6) - (-294)/9 composite?
True
Suppose -3*t - 4 = t, -2*o = -3*t + 13. Let k = 27 + o. Is k a composite number?
False
Suppose -t - 3*t = 0. Let n be -2 + (392 - -2) + t. Let x = n + 107. Is x composite?
False
Is (-8)/40 + (-14328)/(-15) composite?
True
Suppose 0 = -2*m - 3*m + 25. Suppose 5*l + 15 = m*x, -33 = -5*x - l + 6. Is x a composite number?
False
Suppose d + 4*d = 1160. Suppose 0 = -8*c + 4*c + d. Is -1 - (-5)/(5/c) a composite number?
True
Suppose 5*v - 2648 = -0*r - 3*r, 4*r = 5*v + 3554. Is r a prime number?
False
Suppose 6*y - 4*y - 20 = 0. Suppose 0 = -d - 2*d - 4*w - 10, -5*d = -5*w + 40. Is d/y + (-76)/(-10) a prime number?
True
Suppose 5*q + 0*u + 5*u - 460 = 0, 0 = -u - 5. Is q a composite number?
False
Let w = -1381 - -2616. Suppose 260 = -3*z + w. Suppose 0*b + 5*b = z. Is b a prime number?
False
Let d = 174 + -80. Suppose 3*u - d = -2*n, -5*u + 0 = 4*n - 192. Is n composite?
False
Suppose -2*w + w = -2*u + 503, w = -1. Is u a prime number?
True
Suppose 0 = -m - 2 + 4. Suppose m*h - 3*q = 29, 4*h + 0*h = 3*q + 49. Is h prime?
False
Let x(g) = 3*g**2 - 11*g - 7. Is x(8) a composite number?
False
Let j(y) = -8*y**2 - 2*y + 2. Let r be j(2). Is (r/(-4))/(2/20) prime?
False
Let f(g) = 3*g**2 + g - 1. Let a be (3*3/9)/(-1). Let t be (a + 3 - 3)*3. Is f(t) a prime number?
True
Suppose 4*v = 2*z - 0*v - 8, 61 = 4*z + v. Suppose z*i = 16*i - 1838. Is i a prime number?
True
Is ((-546)/24)/((-2)/8) composite?
True
Let z = 8 - 4. Is (-71 + 0)/((-2)/z) composite?
True
Suppose -5*q + q = 92. Let i = q + 33. Is (i/(-10))/(2/(-62)) composite?
False
Let w(p) = 12*p**3 - 2*p**2 + p + 3. Is w(4) composite?
False
Suppose -6*w + 3 = -5*w. Suppose -4*j = -0*q - 3*q - 224, -w*j + 2*q = -169. Is j a prime number?
True
Let y(h) = -125*h + 4. Is y(-3) composite?
False
Let r = -520 - -891. Is r composite?
True
Let z(t) = -t**3 - 7*t**2 - 9*t + 2. Suppose 2*l - 10 = 2*i - 22, 17 = -3*l + 4*i. Is z(l) a prime number?
False
Let d(k) be the third derivative of -k**6/120 + 2*k**5/15 - k**4/4 - k**3/2 + 3*k**2. Let o be d(6). Suppose 3*b = 4*b - o. Is b prime?
False
Let g = 38 + 39. Is g prime?
False
Let v be (-558)/(-2) + (0 - 3). Let b = v - -31. Is b a composite number?
False
Let a(o) be the first derivative of 7*o**2/2 + 5*o + 5. Is a(6) a composite number?
False
Suppose 5894 = 8*b - b. Suppose -3*l = -m - 634, -4*l + b = -0*l + 2*m. Is l a prime number?
True
Suppose -4*s - 6 = -3*s. Let w(d) = -d**3 - 4*d**2 + 2*d - 1. Is w(s) a composite number?
False
Let k(g) = -g + 479. Is k(0) composite?
False
Let h = -8 + 11. Let k = h + 0. Suppose 5*w - k*z - 320 = 0, 2*w + 5*z = -2*w + 293. Is w a composite number?
False
Let g be (-85)/(-20) - (-2)/(-8). Suppose r = d + 65, -g*r = 3*d - 372 + 98. Is r a prime number?
True
Let p(k) = 18*k**2 - 1. Let d be p(1). Let t be d/4 + (-2)/8. Suppose -3*y + 56 = t*o, 5*o - 2 = 4*y + 37. Is o composite?
False
Let z(b) = 42*b + 23. Is z(11) a prime number?
False
Let v(o) be the first derivative of 5*o**4/4 - 2*o**3/3 - 2*o**2 + 3*o - 1. Let h be v(4). Suppose 3*m = -2*m + h. Is m prime?
False
Let o(r) = r + 3. Let a be o(-5). Let m = 2 - a. Is m/10 + 226/10 a composite number?
False
Let v = 418 + -257. Is v a composite number?
True
Let y(b) be the third derivative of -b**4/12 - 7*b**3/6 + 2*b**2. Let u be y(-6). Suppose -s - 16 - 33 = -l, -u*l = 5*s - 285. Is l prime?
True
Let x(d) = 3*d**2 - 4*d - 4. Is x(-5) prime?
False
Let b = -2 + 4. Suppose b*f - 23 = -5. Is 1815/27 + (-2)/f a composite number?
False
Let l be 1/4 - (-110)/8. Let m(y) = y**2 + y + 39. Let h be m(0). Let x = h - l. Is x a composite number?
True
Let d = -4474 + 7464. Suppose w - 3*w + d = 0. Is (-2)/9 - w/(-45) a prime number?
False
Suppose 2*k - 4164 = -10*k. Is k prime?
True
Let y(g) = 2 - 9*g - 77*g - 13*g. Let p be y(-4). Suppose 0 = -5*b + 3*x + p, 2*b - 5*x = 190 - 27. Is b prime?
True
Suppose 0 = 5*n - 15 - 0. Suppose 26 = 3*a + 2. Suppose -n*l - 115 = -a*l. Is l a prime number?
True
Let x be 14/3 - (-3)/9. Suppose 6*u - 2361 = -x*d + 2*u, 3*u = d - 457. Is d prime?
False
Let z(q) = 96*q - 74. Is z(6) a prime number?
False
Let j(b) = -b + 2. Let s(m) = -3*m - 1. Let p be s(-2). Let a be j(p). Is a/((-8)/6 + 1) a prime number?
False
Let r = 31 + -19. Is (699/r)/((-2)/(-8)) a prime number?
True
Let r(h) = 41*h - 24. Is r(15) a composite number?
True
Suppose 4*u - 2604 + 561 = -3*a, 5*u - 15 = 0. Is a prime?
True
Is 3 - 1/1 - -75 a composite number?
True
Let n = 927 + -364. Is n a composite number?
False
Let k = -8 - -12. Let m be -2*2/k - 63. Let u = 195 + m. Is u composite?
False
Suppose n = -2*n + 1923. Is n prime?
True
Suppose 29 = 5*z + u, 0 = -5*z - 2*u + 34 - 6. Let t be (-5)/(-15) - 25/3. Is t/z*255/(-10) a prime number?
False
Suppose -q + 3*i - 2311 = -3*q, -3*i = -3*q + 3444. Is q composite?
False
Suppose 0 = 3*f + 1 - 7. Suppose 3*w - d + 5 = 0, -2*d = -w - 0*w - 5. Is f*((-53)/2)/w a composite number?
False
Suppose -4*x - 32 = 4*h, 4*x - 5*h - 8 = x. Let n = x - -11. Is n a composite number?
False
Let d be (-1)/(-2)*106*12. Suppose -2*f - 102 = -d. Is f prime?
False
Let h be ((-10